is divided by 66.
19
Let g = -39 + -29. Let f = g + 85. What is the remainder when 83 is divided by f?
15
Suppose -2*y - 2*c - 1121 = -5*y, 0 = -4*c + 20. Let m = y + -262. What is the remainder when m is divided by 29?
28
Let r(q) = q**2 + q - 1. Suppose y = 6 + 4. Suppose -5*l - y = -4*n, -2*n + 0*n + 16 = 3*l. What is the remainder when r(4) is divided by n?
4
Suppose 5*s + 41 = 2*f, 0 = s - 0*s + 5. Let l be -12*(0 - 2/f). Let t = l - -31. Calculate the remainder when t is divided by 13.
8
Let m = 6 + -9. What is the remainder when 43 is divided by (-2 + 4)/(m/(-3)) + 13?
13
Suppose l + 100 = 2*c + 3*l, -4*l = 12. What is the remainder when 98 is divided by c?
45
Suppose 4*g - 76 = 4*o + o, -4*g + 76 = -3*o. Let z(p) = -13*p - 2. Calculate the remainder when g is divided by z(-1).
8
Suppose 18*m - 13*m - 250 = 0. Suppose 5*h - m = 45. What is the remainder when h is divided by 11?
8
Let y(m) = 0 + 2 - 2 + m. Suppose 2*b + 3*b = 20. What is the remainder when 19 is divided by y(b)?
3
Let l = 797 - 788. Calculate the remainder when 62 is divided by l.
8
Let q = 26 + 27. Suppose -18 = -r - q. Let j = 10 - r. Calculate the remainder when j is divided by 16.
13
Let l(o) = -o - 7. Let p be (-10)/((-3)/6*-2). Let u be l(p). Suppose u*h + 2*z - 14 = 0, h + 2 = -0*z + z. Calculate the remainder when 3 is divided by h.
1
Let d = -18 - -20. Suppose 0 = -d*a + 3*a - 2. Let s(b) = 3*b**2 + 2*b + 1. What is the remainder when s(-1) is divided by a?
0
Suppose 9*l + 8 = 5*l. What is the remainder when 49 is divided by (4/(-10))/(l/(-150)*-3)?
9
Suppose 0 = 9*b + 103 + 662. Let n = -57 - b. Calculate the remainder when 138 is divided by n.
26
Let t(z) = 842*z - 4. Calculate the remainder when t(1) is divided by 70.
68
Suppose -7*a + 63 = -343. Calculate the remainder when a is divided by 13.
6
Suppose 2*b - 43 = -q + 2, -5*q = b - 9. What is the remainder when 357 is divided by b?
21
Suppose -12 = 3*r, 2*h - 46 = -0*r - 4*r. Calculate the remainder when h is divided by 22.
9
Suppose 93 + 7 = 10*p. Calculate the remainder when 16 is divided by p.
6
Suppose 6*x = -2*x + 472. Suppose 0 = 4*o + 2*h - h - x, 4*o + 2*h = 54. What is the remainder when 61 is divided by o?
13
Suppose 0 = -11*n + 7*n + 44. Let z = -8 + 15. Suppose 3*i + 93 = 2*o, 9 = -z*i + 4*i. Calculate the remainder when o is divided by n.
9
Suppose 0 = -20*x - 3*x + 31809. What is the remainder when x is divided by 33?
30
Let p(w) be the first derivative of w**4/4 - 2*w**3/3 - 5*w**2/2 + 11. Let u be p(4). Calculate the remainder when 8 is divided by ((-3)/(-3))/(4/u).
2
Suppose 15711 = 466*t - 3395. Let z = 19 + 2. What is the remainder when t is divided by z?
20
Let m(v) = 26*v + 3. Suppose -2*n + 2*y = 0, 2*n - 5*y + 15 = -0*n. Suppose 4*l - 8*l + 22 = 5*o, 10 = n*o. Calculate the remainder when m(l) is divided by 28.
25
Suppose -v + 2*v - 11 = 5*n, 0 = -5*v - n + 29. Suppose 0 = 5*k - l - 43, 3*k - 20 = 2*k + 4*l. Calculate the remainder when k is divided by (-36)/21*(-21)/v.
2
Let a be ((-60)/(-2))/(14/7). Let t = a - 10. Calculate the remainder when 17 is divided by t.
2
Suppose 3*w - 49 = -4*t, -3*w + 1 = t - 0*t. Let b(j) = 4*j + 9. Let o be b(-8). Let y = 54 + o. What is the remainder when y is divided by t?
15
Suppose n - 5*n + 8 = 4*v, 5*n + 4*v - 12 = 0. Calculate the remainder when 61 is divided by n.
1
Suppose -183 = -4*m + 3*q, 3*m - 134 = -2*q + q. Calculate the remainder when 180 is divided by m.
0
Let t be (-7)/(-28) - 2283/12. Let y = t - -352. What is the remainder when y is divided by 33?
30
Suppose 19 = -q + 4*c, 0*c = c + 1. Let g = q - -39. Let m(k) = -10*k**3 - k**2 - 5*k - 5. What is the remainder when g is divided by m(-1)?
7
Let n = 24 + -32. Let d = n - -13. What is the remainder when 8 is divided by d?
3
Let v(t) = 18*t**2 + 22*t + 39. Calculate the remainder when 305 is divided by v(-2).
37
Let u be (-11)/(-2) - (-12)/(-8). Suppose u*t + 2*g = 2*t - 8, -3*g = 5*t + 18. Calculate the remainder when 32 - (-2 - (t - -1)) is divided by 18.
14
Let o be 7/(-8)*-4*-10. Calculate the remainder when (o/20)/(3/(-60)) is divided by 12.
11
Suppose -3*n + 57 = -0*n. Let r(b) = b**3 + 2*b**2 - 2*b + 7. What is the remainder when n is divided by r(-3)?
3
Suppose -5*s + 3*m + 180 = 0, 0 = -5*s - m + 160 - 0. What is the remainder when 381 is divided by s?
18
Let d(y) = y**3 + 16*y**2 - 8. Let u be d(-16). Let f = -4 - u. Suppose 0 = q - f*q + 39. What is the remainder when q is divided by 4?
1
Let a = 27 - 22. Suppose -c + 8 = 3*b, 4*b - c - 1 = 12. Calculate the remainder when a is divided by b.
2
Let w(k) = -k**3 + 6*k**2 - 8*k - 4. Let z be w(6). Let i be 8/(-20) - z/5. Let x(j) = 3*j - 14. What is the remainder when 46 is divided by x(i)?
14
Let w(y) = y**3 - 6*y - 7. Let g be w(5). Let p = g - 45. What is the remainder when p is divided by 11?
10
Suppose 0 = -4*n - a + 1 + 38, n + 3*a + 4 = 0. What is the remainder when 393 is divided by n?
8
Let c(a) = -9*a + 237. Suppose -3*l + 2*l = -5. Calculate the remainder when c(25) is divided by l.
2
Suppose -2*d - q - 21 + 629 = 0, -4*d + 1218 = 3*q. What is the remainder when d is divided by 34?
31
Let y be 2/(-9) - (-3)/(54/4). Calculate the remainder when (84/3 + (y - -3))/1 is divided by 11.
9
Suppose -3 = -3*z + 36. Let f(t) = -2*t**3 - 64*t**2 - t - 8. Calculate the remainder when f(-32) is divided by z.
11
Let x(p) = -3*p**3 + p**2 - 3*p. Let u(z) = 0*z + 4*z - 2*z + 5 - 14. Calculate the remainder when x(-2) is divided by u(9).
7
Let v = 167 - 21. Let a = v + -51. Calculate the remainder when a is divided by 24.
23
What is the remainder when (-27)/5*53070/(-522) is divided by 138?
135
Let o = 1 - -1. Suppose g = -o*g - 117. Let n = g - -60. What is the remainder when 60 is divided by n?
18
Let b(q) = 15 + 2*q + q**2 - 2 + 10*q - q. What is the remainder when b(-13) is divided by (-4)/(-6) - (-280)/30?
9
Suppose 0*r = r - 3*m + 1, -m + 4 = 0. Let f = 18 + r. Calculate the remainder when 54 is divided by f.
25
Let g(f) = -f**2 + 17*f - 40. What is the remainder when 75 is divided by g(5)?
15
Let v(m) = -2*m - 25. Let l be (-5 + 0 - -4)/((-2)/(-38)). Calculate the remainder when 60 is divided by v(l).
8
Suppose -6*z = -23*z + 255. Let h = 22 + 5. What is the remainder when h is divided by z?
12
Suppose 34*j - 37*j + a = -106, 0 = -2*j + a + 72. What is the remainder when 83 is divided by j?
15
Let v = 10 + 7. Let q = -15 + v. Calculate the remainder when 8 is divided by q.
0
Suppose -2*s = 2*p - 22, -17 = -4*s + 3*s + 5*p. What is the remainder when (-4)/(-8)*1*42 is divided by s?
9
Let v = 350 - 330. What is the remainder when v is divided by -2 + 3 - (1 - 8)?
4
What is the remainder when -4*(1/3 - (-8)/(-6)) is divided by 2?
0
Suppose 0*x - 2*x - 10 = 0, 0 = 5*w - 5*x + 235. Let u = 1 - w. What is the remainder when u is divided by ((-18)/(-5))/(1/5)?
17
Suppose -6*q - 24 = -9*q. What is the remainder when ((-78)/q)/(14/(-56)) is divided by 18*2/4 + 1?
9
What is the remainder when 112/2*93/248 is divided by 12?
9
Let m(y) = y**3 + y + 18. Let c = -117 - -128. Calculate the remainder when m(0) is divided by c.
7
Suppose -2*f = -5*v + 221, 3*v + 5*f + 65 = 210. Suppose v = 3*n + 2*n. Suppose -3*p + 24 = p. Calculate the remainder when n is divided by p.
3
Calculate the remainder when 13*(-4 + (7 - -2)) is divided by 17.
14
Let u(r) = -6*r**3 + 2*r + 1. Let o = -3 - -2. Let k be u(o). Suppose 5*y + k*g = 265, y = -2*g + 5*g + 53. Calculate the remainder when y is divided by 14.
11
Suppose 5*h - 306 = 2*t - 1064, 0 = -3*t + 4*h + 1130. What is the remainder when t is divided by 18?
14
Let l = -29 - -32. Let y = -15 + 18. Suppose -5*m = -s + 39, -s + 41 = l*s + y*m. Calculate the remainder when 27 is divided by s.
13
Suppose -24*r + 20*r = -132. What is the remainder when 326 is divided by r?
29
Calculate the remainder when 15 is divided by 6*((-24)/(-9) - (-1)/(-1)).
5
Suppose 611 + 317 = 4*d - 2*n, -5*n = 5*d - 1145. What is the remainder when d is divided by 84?
63
Suppose 30*k - 35*k - 3*a = -3302, 0 = -3*k - 3*a + 1980. What is the remainder when k is divided by 112?
101
Calculate the remainder when ((-18)/9)/((-2)/18) is divided by 11.
7
Let a = 204 + -196. Calculate the remainder when 159 is divided by a.
7
Let i = 11